120. Calculate the greatest common divisor of 6 and l.
6
Let y(j) = -j + 26. Let i be y(23). Let t be (i/7 + -1)/(2/(-7)). Let u(f) = -2*f - 3. Let c be u(-4). Calculate the highest common divisor of t and c.
1
Suppose 2*w + 306 = 2*o + 3*o, 0 = 5*w - 3*o + 746. Let n = -82 - w. What is the greatest common divisor of n and 6?
6
Let i be (21 + 0 + 2)*2. Let k = -34 + i. Calculate the highest common factor of 6 and k.
6
Let q be 2*1*26/1. Suppose 2*p + 2*r - 18 = 0, 2*r = -2*p + 4*r - 2. Suppose -p*m + 68 = -36. What is the highest common factor of m and q?
26
Suppose 468 = -18*g + 6*g. Let j = -11 - g. What is the greatest common divisor of 7 and j?
7
Let u be (1 + 23)*(-15)/(-30). Let o be 1/((-4)/u)*-1. Suppose -2 = -z - 4*h + 12, o*z - 3 = h. Calculate the greatest common divisor of z and 16.
2
Suppose -3*u + 11 + 4 = 0. Let k = u - -38. Calculate the greatest common factor of k and 387.
43
Suppose 0 = -b - 4*v + 26, -5*b - 5*v + 19 = -6*b. Let k = 54 - 13. Suppose -5*d - b + k = 0. Calculate the greatest common factor of d and 1.
1
Suppose 3 = 3*d, x - 4*d = -4 - 2. Let a = x - -33. Suppose 11 = -5*u + a. Calculate the highest common factor of u and 20.
4
Let b = -111 + 104. Let s be (-2)/(24/84*b/3). Calculate the greatest common divisor of 2 and s.
1
Let b(j) = 4*j**2 + 2*j - 1. Let h be b(-2). Let r(a) = 5*a - 7. Let q be r(h). Calculate the greatest common factor of q and 16.
16
Let x be (-1)/(-4) + (-255)/(-4). Let t be 2/(-8)*0 - (-40 - -8). Calculate the highest common divisor of x and t.
32
Suppose 172*x + m + 7164 = 176*x, -m - 5372 = -3*x. What is the greatest common divisor of 28 and x?
28
Suppose -16*x + 13*x = -30. Let p(m) = 4 - 11*m + 5 + x*m - 5 + 3*m**2. Let s be p(3). What is the greatest common divisor of s and 308?
28
Suppose 0 = z - 10 - 7. Suppose 4*p + 20 = 184. Let i = p - z. Calculate the greatest common factor of 60 and i.
12
Let a be 2002/105 + (-2)/30. What is the greatest common divisor of a and 2432?
19
Suppose 4*c + 4*s - 28 = 28, s + 10 = c. Calculate the greatest common factor of 6 and c.
6
Let j = -11 - -6. Let g = j - -1. Let m(y) = -y**2 - 5*y + 1. Let a be m(g). What is the greatest common divisor of 15 and a?
5
Let k(a) = 5*a**3 - 3*a**2 + 2*a. Let g be k(1). Let l be (g/(-10))/(2/(-220)). What is the greatest common factor of 11 and l?
11
Let t = 139 + -112. Suppose 0 = 2*g + 3*r - 52, 4*r - 5*r - 21 = -g. Suppose k = 85 + g. What is the greatest common factor of k and t?
27
Suppose 23*l - 2698 = 5927. Calculate the greatest common factor of 15 and l.
15
Let d(s) = s**2 - 8*s + 16. Let f be d(8). Calculate the greatest common factor of 48 and f.
16
Suppose 364 = 4*k - 5*c - 122, -353 = -3*k - 2*c. What is the highest common divisor of k and 21?
7
Let i be ((-1188)/(-21))/(19/133). Calculate the greatest common divisor of 44 and i.
44
Suppose 7*j - 10*j + 276 = 2*d, 0 = 5*j - 20. Calculate the greatest common factor of 616 and d.
44
Let g(u) = -70*u + 447. Let x be g(6). What is the greatest common divisor of x and 351?
27
Let i(s) = -28*s**3 + 2*s**2 - 24*s - 25. Let r be i(-1). Calculate the greatest common factor of r and 58.
29
Let q(l) = -7*l + 28. Let t be q(6). Let o be 2 + -5 - t/1. What is the greatest common divisor of 55 and o?
11
Suppose 2*t = -27 - 103. Let r be t/(-6) - (-5)/30. What is the greatest common factor of 11 and r?
11
Suppose 23*f - 40*f + 10098 = 0. What is the highest common factor of 18 and f?
18
Let p be 3303/(-324)*-4 + (-2)/(-9). Calculate the greatest common factor of p and 1312.
41
Suppose -u - 351 = -2*j + 3*j, 1061 = -3*j - u. Let g = -179 - j. What is the greatest common factor of g and 16?
16
Suppose 3*m - 5*m - 5*o + 31 = 0, 4*m - 4*o - 20 = 0. What is the greatest common divisor of 40 and m?
8
Suppose -35*o + 592 = -1368. What is the highest common divisor of 140 and o?
28
Let v be (-37 + 51)*(-3)/(-2). What is the greatest common factor of v and 224?
7
Suppose 0 = 6*y - 9*y - 180. Let m = y + 88. What is the highest common divisor of 224 and m?
28
Let p be (-8)/(-6) + 550/15. Suppose p + 37 = 5*z. What is the highest common divisor of z and 45?
15
Let v be (54/72)/((-25)/(-24) - 1). Let n be ((-1)/1)/((-1)/12). Calculate the highest common factor of n and v.
6
Suppose 21*o = 436 - 373. Calculate the highest common divisor of 1 and o.
1
Let s = -27 - -40. Suppose -8*n = -s*n + 880. Calculate the highest common divisor of n and 22.
22
Suppose 0 = 9*v + 14*v - 69. Let o = 81 + -42. Suppose -2*t - 136 = -4*d, -5*t - o + 128 = 3*d. Calculate the highest common factor of v and d.
3
Let q = 425 - 374. Calculate the greatest common factor of 51 and q.
51
Suppose 0 = 868*m - 874*m + 84. Calculate the highest common divisor of 21 and m.
7
Suppose -2*o = -3*o + 39. Suppose -67 = -2*s + 5*k, 2*s - s - 35 = 3*k. Calculate the highest common divisor of o and s.
13
Suppose -4 - 2 = 3*q, -c + 17 = -3*q. What is the greatest common divisor of c and 209?
11
Suppose -p - 2*x = -78, -x - 2 = 1. What is the greatest common factor of 294 and p?
42
Let p be (-1)/7 + (-501)/21*-6. Calculate the highest common divisor of p and 11.
11
Let i be -12*9/(-144)*92. What is the highest common divisor of 1472 and i?
23
Suppose 5*d - 5*n = 55, -2*d + 1 = -0*d + 5*n. What is the greatest common factor of d and 392?
8
Let x be ((-24)/(-5))/((-1)/(-5)). Let p be ((-868)/(-12) - 0) + (-3)/9. Let c = p + -60. What is the greatest common divisor of x and c?
12
Let w be (-11176)/(-9) - (32/(-18))/8. Calculate the highest common factor of 69 and w.
69
Let a(r) = 128*r**3 + r**2 + 4*r - 3. Let x be a(1). What is the greatest common divisor of 234 and x?
26
Suppose -12*m = -11*m - 2. Suppose -m*j + 279 = j. Suppose 2*t + 37 = j. Calculate the highest common divisor of 28 and t.
28
Let q = 386 + -368. What is the greatest common factor of q and 774?
18
Let f(b) = -b**2 - 3*b - 2. Let j be f(-3). Suppose 3*t + 2*w + 0 + 3 = 0, 5*t = 5*w - 30. Let p = j - t. What is the highest common divisor of p and 1?
1
Let l(r) be the third derivative of r**5/60 + 5*r**4/12 - 23*r**3/6 - 6*r**2. Let j be l(-17). What is the highest common divisor of j and 32?
32
Let q = 350 - 335. Suppose 0 = -3*n + 2*n + 6. Calculate the highest common factor of q and n.
3
Suppose -4*k + 348 = -k + 4*m, 2*m = -2*k + 230. Suppose -5*p + 3*i + 58 = 0, 5*p - 4*i - 54 = -0. What is the greatest common factor of k and p?
14
Suppose 0 = -5*b + a - 18 + 114, -2*b + 2*a = -32. Let f(o) = 3*o + 1. Let l be f(1). What is the highest common factor of l and b?
4
Let q(g) = -2*g + 30. Let k be q(13). Let h(z) = -z**3 + 5*z**2 - 2*z + 1. Let o be h(k). What is the greatest common divisor of 81 and o?
9
Suppose 47*i = 42*i + 60. Suppose -i*u + 15 = -57. Calculate the greatest common factor of u and 4.
2
Let g(f) = -f**2 + 8*f + 3. Let x be g(8). Suppose 4*i + 27 + 61 = 4*o, -2*o + x*i + 47 = 0. What is the greatest common factor of 19 and o?
19
Suppose -2*g - 4*c + 30 = 0, 49 = 5*g + 4*c - 8. Let i(r) = -r**3 + r**2 - r + 99. Let s be i(0). What is the highest common factor of g and s?
9
Let l(z) = -3*z + 97. Let u be l(8). Calculate the highest common divisor of u and 1095.
73
Suppose 3*y + 546 = 4*s, -101 + 780 = 5*s - 2*y. Calculate the highest common divisor of s and 30.
15
Suppose -154*u = -155*u + 10. Calculate the highest common divisor of u and 14.
2
Let v = -116 - -37. Let s = v + 111. Calculate the greatest common factor of 16 and s.
16
Let g(a) = 3*a - 17. Let x be g(7). Suppose x*d = c + c + 30, 10 = -d - 3*c. What is the greatest common divisor of d and 1?
1
Let z = 1 - -1. Let h be (-9 - (-2 + -7))/2. Suppose h = -q, 0 = b - 4*q - 3 - z. What is the greatest common factor of b and 10?
5
Let k = 384 - 374. Calculate the greatest common divisor of 10 and k.
10
Suppose 3*b = -6, 150 = -h - 3*h + 5*b. Let k = h + 65. What is the greatest common divisor of 5 and k?
5
Suppose 2*h - 14 = -4*r, 0*r - 3*r - 2*h + 11 = 0. Suppose -136 = u - r*u. Calculate the highest common factor of 170 and u.
34
Let r(q) = q**3 - 5*q**2 - q + 176. Let b be r(0). What is the greatest common factor of b and 16?
16
Let j be 91/26 - 2/(-4). What is the highest common divisor of j and 76?
4
Suppose 5*p - 1839 = -669. Let m = -164 + p. What is the greatest common d